110010000011110000?
-11110010000101010110
In base 12, what is 352a - 1242b?
-ab01
In base 11, what is -3682 + -21?
-36a3
In base 3, what is 10200020201211202 + -100?
10200020201211102
In base 10, what is -8079280 + 10?
-8079270
In base 12, what is -278 + 13500?
13244
In base 15, what is 1dcc00 - -50?
1dcc50
In base 4, what is 12003202 + 11222?
12021030
In base 14, what is -13 - 8a713?
-8a726
In base 11, what is -59938539 - 3?
-59938541
In base 5, what is -4233134011 - 41?
-4233134102
In base 8, what is 372424 - 10342?
362062
In base 10, what is 10642651 - -4?
10642655
In base 13, what is -7c0bc + -4?
-7c0c3
In base 10, what is 34369 - 222?
34147
In base 13, what is -61262 + -453?
-616b5
In base 3, what is -112110101 + -22211?
-112210012
In base 14, what is 276 - 6d?
207
In base 5, what is 44300130414 - 3?
44300130411
In base 2, what is 111010010 + 10110001011110?
10111000110000
In base 14, what is -9bdc66c - 5?
-9bdc673
In base 3, what is -111210002112 + -1022220?
-111211102102
In base 6, what is 2351 - -2512141?
2514532
In base 12, what is -286b14a + -23?
-286b171
In base 2, what is 1101100100001111010110 - -111?
1101100100001111011101
In base 7, what is -11030433 + 131?
-11030302
In base 13, what is 1b084 + -119?
1ac68
In base 6, what is 0 - 10324334314?
-10324334314
In base 5, what is 24331402101 - -3?
24331402104
In base 11, what is -4740811 + -4?
-4740815
In base 8, what is 2 - -260357771?
260357773
In base 7, what is -3462446 - 32?
-3462511
In base 3, what is 222201200011 + 20?
222201200101
In base 12, what is -848 + 2bb8?
2370
In base 11, what is 33313a - 28?
333112
In base 14, what is -1b5086 + 16?
-1b5070
In base 15, what is -1661 - -e982?
d321
In base 6, what is -3353500 - 1254?
-3355154
In base 9, what is -656 - 44171?
-44837
In base 16, what is 16f1e9 + 7f?
16f268
In base 9, what is -102605 + 14658?
-76836
In base 6, what is 55500 - -34213?
134113
In base 8, what is 3572 - 102703?
-77111
In base 12, what is 9237a5 + -6?
92379b
In base 5, what is 10 + 131101303023?
131101303033
In base 9, what is -7334054 - 1?
-7334055
In base 4, what is -10021023 + 1320123?
-2100300
In base 4, what is -110323213231 - -10?
-110323213221
In base 2, what is 110 - -101111100101111011110100010?
101111100101111011110101000
In base 5, what is 4140 - -133232?
142422
In base 14, what is -108bdad21 + -2?
-108bdad23
In base 8, what is 4505 + 4512?
11217
In base 2, what is -11 - -10001101110000010010101?
10001101110000010010010
In base 12, what is -916 - -a3a3?
9689
In base 16, what is c133 - -595d?
11a90
In base 5, what is -143114241432 - 3?
-143114241440
In base 3, what is -20020111 + -11011?
-20101122
In base 14, what is 24745d - -145?
2475a4
In base 15, what is 3c87 - 5beb?
-1e64
In base 15, what is 13a - -2195?
22d0
In base 13, what is 25 + 5247498?
52474c0
In base 4, what is 1130123131 + 32320?
1130222111
In base 12, what is -8 + 15000?
14bb4
In base 15, what is 2 - -5e355c?
5e355e
In base 6, what is 33422154002 - -3?
33422154005
In base 10, what is -2800 - -61050?
58250
In base 12, what is -17a + 21969?
217ab
In base 11, what is 150 + -2339?
-2199
In base 2, what is 1100100 + 10110011110100010?
10110100000000110
In base 7, what is -33325612 + 41?
-33325541
In base 6, what is 114 + -54443355?
-54443241
In base 8, what is -2633041071 + 2?
-2633041067
In base 5, what is 130311 - 431422?
-301111
In base 3, what is 20002011110 + 100?
20002011210
In base 10, what is 127879 - 104?
127775
In base 10, what is 12786 + 53?
12839
In base 6, what is 502311145 - 5?
502311140
In base 13, what is 3 + 272c885?
272c888
In base 13, what is 0 + 752811?
752811
In base 14, what is -18d + -3b021?
-3b1b0
In base 5, what is -31144 + -1404011?
-1440210
In base 7, what is -661540 - 6?
-661546
In base 12, what is -9912ab + -5?
-9912b4
In base 9, what is -1436438 + -36?
-1436475
In base 7, what is -63600366 - -4?
-63600362
In base 16, what is -b2a7 + 290?
-b017
In base 3, what is -22022200100 - -10010?
-22022120020
In base 16, what is -1f - -35b857?
35b838
In base 3, what is -1 - -12112202121221?
12112202121220
In base 11, what is 294707 + 306?
294a12
In base 5, what is 11024442 + -1143?
11023244
In base 15, what is 4 - 1cac987?
-1cac983
In base 9, what is -265163647 + 5?
-265163642
In base 13, what is -1545865 - a?
-1545872
In base 4, what is -12233 + -33000210?
-33013103
In base 7, what is 204416 + 300?
205016
In base 5, what is -13 - 12232444220?
-12232444233
In base 7, what is -1440465 + 213?
-1440252
In base 4, what is -12202 + -31112033?
-31130301
In base 13, what is 73 - -2688?
272b
In base 16, what is d2ce + 327?
d5f5
In base 16, what is -20 + 125df?
125bf
In base 10, what is 441073 - -61?
441134
In base 9, what is 78841 - 2525?
76315
In base 6, what is -221 + 101243235?
101243014
In base 14, what is 4 + 3c2bc08?
3c2bc0c
In base 10, what is 29 + 2524223?
2524252
In base 2, what is 111 - 10111011111110001?
-10111011111101010
In base 4, what is 112031000301 - 12?
112031000223
In base 14, what is 1 + 15804a7b?
15804a7c
In base 14, what is 1d3d5da + 49?
1d3d645
In base 4, what is 2 + 10201002300?
10201002302
In base 2, what is 1001101100110011110 - -11?
1001101100110100001
In base 10, what is -11 + 21143096?
21143085
In base 12, what is -408b40 + -94?
-409014
In base 9, what is -2 + 26218488?
26218486
In base 13, what is 2076190 + -3?
207618a
In base 13, what is 1 + 10084c1?
10084c2
In base 5, what is -222231212 - 220?
-222231432
In base 13, what is 31 + 7563?
7594
In base 15, what is -1 - -29c6d?
29c6c
In base 5, what is -12213411213 - 112?
-12213411330
In base 10, what is 611696886 + 4?
611696890
In base 12, what is 125 - 132838?
-132713
In base 8, what is 0 - 104467104?
-104467104
In base 2, what is 1 + -1000101001000001011010111010?
-1000101001000001011010111001
In base 8, what is -13 - 42054566?
-42054601
In base 14, what is -17bca5 + 15?
-17bc90
In base 16, what is -15ff + 4c05?
3606
In base 2, what is 100101011110000100111 - -111011010?
100101011111000000001
In base 3, what is 2212221112221102 + -11?
2212221112221021
In base 7, what is 1606 + -2323505?
-2321566
In base 12, what is 272248 + 9?
272255
In base 16, what is -6 - -21406f?
214069
In base 14, what is -29114d - -22?
-29112b
In base 4, what is 202010110 + 120300?
202131010
In base 14, what is 1cb26ba + -2?
1cb26b8
In base 5, what is -111123433112 - 30?
-111123433142
In base 11, what is -1 + 4143665?
4143664
In base 11, what is -1 - 1773080?
-1773081
In base 16, what is 1cda + 12479?
14153
In base 11, what is -465 - -35059?
346a4
In base 16, what is -2ee16da + -4?
-2ee16de
In base 11, what is -320599 + 677?
-31aa22
In base 2, what is 100111101111011100110 - -101011?
100111101111100010001
In base 4, what is 1220112 - 23?
1220023
In base 14, what is 31 - -d7174?
d71a5
In base 8, what is 0 + -57472306?
-57472306
In base 3, what is -22 + 122121212212112?
122121212212020
In base 2, what is 1010101111111011110 + -10110?
1010101111111001000
In base 3, what is 201122010 + 101001122?
1002200202
In base 4, what is 10 - -133313332020?
133313332030
In base 9, what is -13634 - 17552?
-32286
In base 11, what is -13 - 149265?
-149278
In base 16, what is 6889 + 979?
7202
In base 12, what is -6a3 + 3939a?
388b7
In base 15, what is -20654 + -22b?
-20880
In base 5, what is 33430444 - -14?
33431013
In base 10, what is -333876 + 2?
-333874
In base 10, what is -962491 + 66?
-962425
In base 13, what is b5 + b573?
b658
In base 12, what is -329b42483 + -4?
-329b42487
In base 6, what is -30345030 + -102?
-30345132
In base 13, what is -2 - 7c139?
-7c13b
In base 7, what is 21102 + -302?
20500
In base 15, what is 139 - -106e1e?
107058
In base 11, what is 46148 + -a3?
46055
In base 5, what is -432102 - 214000?
-1201102
In base 14, what is 20ccd - -aa0?
2198d
In base 16, what is 1 - -4fe490?
4fe491
In base 6, what is -2312320 - 313?
-2313033
In base 5, what is -20320 + 11322114?
11301244
In base 16, what is 6 + dcf9d?
dcfa3
In base 3, what is 122011202111 + 121?
122011210002
In base 16, what is -5b9 - 359f?
-3b58
In base 4, what is -12220 + -12331000?
-13003220
In base 5, what is 22144 + 2041312?
2114011
In base 6, what is -12350213 - -254?
-12345515
In base 4, what is -30001110 + -103023?
-30110133
In base 3, what is -21020121 - -102100020